{"id":61,"date":"2023-03-26T12:07:43","date_gmt":"2023-03-26T12:07:43","guid":{"rendered":"http:\/\/s732254885.online.de\/?page_id=61"},"modified":"2023-03-27T08:00:46","modified_gmt":"2023-03-27T08:00:46","slug":"helfer-vor-ort","status":"publish","type":"page","link":"http:\/\/s732254885.online.de\/?page_id=61","title":{"rendered":"Helfer vor Ort"},"content":{"rendered":"\n<p><\/p>\n\n\n\n<p>Das Helfer vor Ort System: Eine wichtige Erg\u00e4nzung der Rettungskette<\/p>\n\n\n\n<p>Was sind Helfer vor Ort? Wie funktionieren sie? Und warum sind sie so wichtig f\u00fcr die Notfallversorgung? In diesem Blogbeitrag m\u00f6chten wir Ihnen das Helfer vor Ort System n\u00e4her vorstellen und Ihnen zeigen, wie Sie selbst Teil davon werden k\u00f6nnen.<\/p>\n\n\n\n<p>Helfer vor Ort (HvO) sind ehrenamtliche Ersthelfer, die bei medizinischen Notf\u00e4llen die Zeit bis zum Eintreffen des Rettungsdienstes oder des Notarztes \u00fcberbr\u00fccken. Sie sind mindestens in erweiterter Erster Hilfe ausgebildet und verf\u00fcgen \u00fcber eine zus\u00e4tzliche sanit\u00e4ts- oder rettungsdienstliche Qualifikation. Sie werden parallel zum Rettungsdienst alarmiert und r\u00fccken mit einem eigenen Fahrzeug oder einem Fahrrad aus. Sie leisten qualifizierte basismedizinische Ma\u00dfnahmen wie Herz-Lungen-Wiederbelebung, Blutstillung oder Sauerstoffgabe und betreuen die Patienten bis zum Eintreffen der Profis.<\/p>\n\n\n\n<p>Das Helfer vor Ort System ist eine wichtige Erg\u00e4nzung der Rettungskette, besonders in l\u00e4ndlichen Gebieten oder bei hohem Einsatzaufkommen. Denn jede Minute z\u00e4hlt im Notfall: Je schneller qualifizierte Hilfe geleistet wird, desto h\u00f6her sind die \u00dcberlebenschancen und desto geringer sind die Folgesch\u00e4den f\u00fcr die Patienten. Studien haben gezeigt, dass Helfer vor Ort die durchschnittliche Hilfsfrist um bis zu f\u00fcnf Minuten verk\u00fcrzen k\u00f6nnen.<\/p>\n\n\n\n<p>Das Helfer vor Ort System ist in Deutschland nicht einheitlich geregelt. Es gibt verschiedene Bezeichnungen wie First Responder, Sanit\u00e4ter vor Ort oder Voraus-Helfer und unterschiedliche Organisationsformen wie Feuerwehren, Hilfsorganisationen oder private Initiativen. Die Ausbildung und Ausr\u00fcstung der Helfer variiert ebenfalls je nach Bundesland und Tr\u00e4ger. In der Regel umfasst die Ausbildung einen Erste-Hilfe-Kurs sowie einen Sanit\u00e4tskurs mit praktischen \u00dcbungen und Pr\u00fcfung. Die Ausr\u00fcstung besteht meist aus einem Rucksack mit Verbandsmaterial, Beatmungsbeutel, Blutdruckmessger\u00e4t, Pulsoximeter und Defibrillator.<\/p>\n\n\n\n<p>Wenn Sie sich f\u00fcr das Helfer vor Ort System interessieren und selbst aktiv werden m\u00f6chten, k\u00f6nnen Sie sich bei einer lokalen Organisation informieren und bewerben. Die Voraussetzungen sind je nach Tr\u00e4ger unterschiedlich, aber meist m\u00fcssen Sie vollj\u00e4hrig sein, einen F\u00fchrerschein besitzen und gesundheitlich geeignet sein. Au\u00dferdem sollten Sie bereit sein, sich regelm\u00e4\u00dfig fortzubilden und an Eins\u00e4tzen teilzunehmen.<\/p>\n\n\n\n<p>Das Helfer vor Ort System ist eine sinnvolle und lohnende M\u00f6glichkeit, sich ehrenamtlich zu engagieren und Leben zu retten. Wir hoffen, dass wir Ihnen mit diesem Blogbeitrag einen Einblick in das System geben konnten und dass wir Ihr Interesse geweckt haben.<\/p>\n\n\n","protected":false},"excerpt":{"rendered":"<p>Das Helfer vor Ort System: Eine wichtige Erg\u00e4nzung der Rettungskette Was sind Helfer vor Ort? Wie funktionieren sie? Und warum sind sie so wichtig f\u00fcr die Notfallversorgung? In diesem Blogbeitrag m\u00f6chten wir Ihnen das Helfer vor Ort System n\u00e4her vorstellen [&hellip;]<\/p>\n","protected":false},"author":1,"featured_media":78,"parent":0,"menu_order":0,"comment_status":"closed","ping_status":"closed","template":"","meta":{"footnotes":""},"class_list":["post-61","page","type-page","status-publish","has-post-thumbnail","hentry"],"_links":{"self":[{"href":"http:\/\/s732254885.online.de\/index.php?rest_route=\/wp\/v2\/pages\/61","targetHints":{"allow":["GET"]}}],"collection":[{"href":"http:\/\/s732254885.online.de\/index.php?rest_route=\/wp\/v2\/pages"}],"about":[{"href":"http:\/\/s732254885.online.de\/index.php?rest_route=\/wp\/v2\/types\/page"}],"author":[{"embeddable":true,"href":"http:\/\/s732254885.online.de\/index.php?rest_route=\/wp\/v2\/users\/1"}],"replies":[{"embeddable":true,"href":"http:\/\/s732254885.online.de\/index.php?rest_route=%2Fwp%2Fv2%2Fcomments&post=61"}],"version-history":[{"count":4,"href":"http:\/\/s732254885.online.de\/index.php?rest_route=\/wp\/v2\/pages\/61\/revisions"}],"predecessor-version":[{"id":103,"href":"http:\/\/s732254885.online.de\/index.php?rest_route=\/wp\/v2\/pages\/61\/revisions\/103"}],"wp:featuredmedia":[{"embeddable":true,"href":"http:\/\/s732254885.online.de\/index.php?rest_route=\/wp\/v2\/media\/78"}],"wp:attachment":[{"href":"http:\/\/s732254885.online.de\/index.php?rest_route=%2Fwp%2Fv2%2Fmedia&parent=61"}],"curies":[{"name":"wp","href":"https:\/\/api.w.org\/{rel}","templated":true}]}}