{"id":73,"date":"2023-03-26T12:22:46","date_gmt":"2023-03-26T12:22:46","guid":{"rendered":"http:\/\/s732254885.online.de\/?page_id=73"},"modified":"2023-03-27T07:57:50","modified_gmt":"2023-03-27T07:57:50","slug":"das-jugendrotkreuz-jrk","status":"publish","type":"page","link":"http:\/\/s732254885.online.de\/?page_id=73","title":{"rendered":"Das Jugendrotkreuz (JRK)"},"content":{"rendered":"\n<p><\/p>\n\n\n\n<p>Das Jugendrotkreuz (JRK) ist der eigenverantwortliche Jugendverband des Deutschen Roten Kreuzes (DRK). Es bietet jungen Menschen zwischen 6 und 27 Jahren die M\u00f6glichkeit, sich ehrenamtlich f\u00fcr Gesundheit, Umwelt, Frieden und internationale Verst\u00e4ndigung zu engagieren. In diesem Blogbeitrag m\u00f6chte ich euch das JRK n\u00e4her vorstellen und euch zeigen, wie ihr mitmachen k\u00f6nnt.<\/p>\n\n\n\n<p>Das JRK hat eine lange Geschichte: Es wurde 1925 als Kinder- und Jugendorganisation des DRK gegr\u00fcndet und hat seitdem viele gesellschaftliche Ver\u00e4nderungen miterlebt. Heute z\u00e4hlt das JRK rund 140.000 Mitglieder in \u00fcber 5.500 Gruppen, die sich auf lokaler, regionaler, nationaler und internationaler Ebene vernetzen und austauschen.<\/p>\n\n\n\n<p>Das JRK ist vielf\u00e4ltig: Es bietet seinen Mitgliedern zahlreiche Aktivit\u00e4ten und Projekte an, die ihren Interessen und F\u00e4higkeiten entsprechen. Ob Schulsanit\u00e4tsdienst, humanit\u00e4re Bildung, Erste Hilfe, internationale Jugendarbeit oder Kampagnenarbeit &#8211; im JRK ist f\u00fcr jeden etwas dabei. Dabei orientiert sich das JRK an den sieben Grunds\u00e4tzen des Roten Kreuzes: Menschlichkeit, Unparteilichkeit, Neutralit\u00e4t, Unabh\u00e4ngigkeit, Freiwilligkeit, Einheit und Universalit\u00e4t.<\/p>\n\n\n\n<p>Das JRK ist lautstark: Es setzt sich f\u00fcr die Rechte von Kindern und Jugendlichen ein und macht auf Themen aufmerksam, die ihnen wichtig sind. Mit regelm\u00e4\u00dfigen Kampagnen zu Themen wie Kinderarmut, Klimawandel oder Gewaltpr\u00e4vention fordert das JRK die \u00d6ffentlichkeit zum Handeln auf und zeigt L\u00f6sungsans\u00e4tze auf. Das JRK beteiligt sich auch an politischen Entscheidungsprozessen und vertritt die Interessen seiner Mitglieder gegen\u00fcber Politik und Gesellschaft.<\/p>\n\n\n\n<p>Das JRK ist offen: Es freut sich \u00fcber neue Mitglieder, die Lust haben, sich zu engagieren und Spa\u00df zu haben. Wenn ihr mehr \u00fcber das JRK erfahren oder euch einer Gruppe anschlie\u00dfen wollt, dann besucht die Webseite www.jugendrotkreuz.de oder kontaktiert euren lokalen Kreisverband des DRK. Dort findet ihr auch Informationen \u00fcber aktuelle Aktionen und Veranstaltungen des JRK.<\/p>\n\n\n\n<p>Ich hoffe, ich konnte euch einen kleinen Einblick in das Jugendrotkreuz geben und euer Interesse wecken. Das JRK ist eine tolle M\u00f6glichkeit, etwas Gutes zu tun und gleichzeitig neue Freunde zu finden. Ich bin selbst seit vielen Jahren im JRK aktiv und kann es nur empfehlen!<\/p>\n","protected":false},"excerpt":{"rendered":"<p>Das Jugendrotkreuz (JRK) ist der eigenverantwortliche Jugendverband des Deutschen Roten Kreuzes (DRK). Es bietet jungen Menschen zwischen 6 und 27 Jahren die M\u00f6glichkeit, sich ehrenamtlich f\u00fcr Gesundheit, Umwelt, Frieden und internationale Verst\u00e4ndigung zu engagieren. In diesem Blogbeitrag m\u00f6chte ich euch [&hellip;]<\/p>\n","protected":false},"author":1,"featured_media":75,"parent":0,"menu_order":0,"comment_status":"closed","ping_status":"closed","template":"","meta":{"footnotes":""},"class_list":["post-73","page","type-page","status-publish","has-post-thumbnail","hentry"],"_links":{"self":[{"href":"http:\/\/s732254885.online.de\/index.php?rest_route=\/wp\/v2\/pages\/73","targetHints":{"allow":["GET"]}}],"collection":[{"href":"http:\/\/s732254885.online.de\/index.php?rest_route=\/wp\/v2\/pages"}],"about":[{"href":"http:\/\/s732254885.online.de\/index.php?rest_route=\/wp\/v2\/types\/page"}],"author":[{"embeddable":true,"href":"http:\/\/s732254885.online.de\/index.php?rest_route=\/wp\/v2\/users\/1"}],"replies":[{"embeddable":true,"href":"http:\/\/s732254885.online.de\/index.php?rest_route=%2Fwp%2Fv2%2Fcomments&post=73"}],"version-history":[{"count":3,"href":"http:\/\/s732254885.online.de\/index.php?rest_route=\/wp\/v2\/pages\/73\/revisions"}],"predecessor-version":[{"id":100,"href":"http:\/\/s732254885.online.de\/index.php?rest_route=\/wp\/v2\/pages\/73\/revisions\/100"}],"wp:featuredmedia":[{"embeddable":true,"href":"http:\/\/s732254885.online.de\/index.php?rest_route=\/wp\/v2\/media\/75"}],"wp:attachment":[{"href":"http:\/\/s732254885.online.de\/index.php?rest_route=%2Fwp%2Fv2%2Fmedia&parent=73"}],"curies":[{"name":"wp","href":"https:\/\/api.w.org\/{rel}","templated":true}]}}